(-8). Calculate the highest common factor of j and 12.
2
Let i = 2759 - 2745. Suppose 3*t - f = -t + 201, -152 = -3*t + f. Calculate the highest common factor of i and t.
7
Let s = 24625 + -24561. Calculate the greatest common factor of 148 and s.
4
Suppose 0 = -5*j + 936 + 564. Suppose j = 15*p + 10*p. What is the highest common factor of 44 and p?
4
Let r = -436 - -778. Let y = -4046 - -4084. What is the highest common factor of r and y?
38
Let v be 8/((-25 + 45)*2/5). What is the greatest common factor of 512 and v?
1
Suppose -2*u - 6 = q - 15, 3*q + 5 = 2*u. Suppose -3*o + 5*c - 30 = -u*o, -o + 5*c + 50 = 0. Calculate the highest common factor of o and 8.
8
Suppose -5*n - 846 + 311 = -2*s, 811 = 3*s + n. Let p = s - 144. Let v = p - 45. What is the greatest common factor of 27 and v?
27
Let r(j) = -12 + 2 - 10*j - j**2 + 12 + 0*j**2. Let t be r(-5). What is the highest common divisor of 18 and t?
9
Suppose -y = -3 - 0. Suppose y*o - 3*w = -0*w, 2*o = 4*w. Suppose 4*s + c - 668 = -o*s, 5*c = 5*s - 860. Calculate the greatest common divisor of 24 and s.
24
Let j = 38 - 92. Let r = -65 - j. Let w be (-2)/(-1 - r/12). Calculate the greatest common divisor of 60 and w.
12
Suppose 4*u + 37 - 49 = 0. Suppose -u*p + 0*w + 34 = -5*w, -3*p = -4*w - 29. Let n = -43 + 67. Calculate the greatest common divisor of n and p.
3
Let y = 332 - -217. Calculate the highest common factor of 610 and y.
61
Suppose 2*r + r = -z + 101, 0 = -4*z + 3*r + 419. Suppose -3*i + 18 = m - 20, 4*m + i - 108 = 0. Calculate the greatest common divisor of m and z.
26
Suppose 254 = 13*y + 495 - 254. Calculate the greatest common factor of y and 594.
1
Let m(v) = v**3 - 19*v**2 + 38*v - 57. Let l be m(17). What is the greatest common divisor of 1507 and l?
11
Suppose 0 = -5*k - 2*f + 184, 15*k - 5*f = 11*k + 134. Calculate the highest common factor of k and 24.
12
Let w be 4/8*10/5. Suppose -u = -w - 1. Let y be 3*u*3/9. What is the greatest common factor of 3 and y?
1
Suppose -2*h - 59*c + 46 = -61*c, 2*h - 47 = c. Calculate the greatest common divisor of h and 1284.
12
Let b = -81614 - -81616. Suppose 0 = -2*s - 0*s + 196. What is the highest common factor of s and b?
2
Suppose -169*l + 36*l + 2900 = -292. What is the greatest common factor of 208 and l?
8
Let h = -2540 - -2670. What is the highest common factor of 4082 and h?
26
Suppose -148 = -4*d - 5*t + 97, -3*d - 2*t = -182. Calculate the greatest common factor of 2190 and d.
30
Suppose 0 = 37*p - 53*p + 3712. Let s(k) = k**2 - 6. Let r be s(3). Let a be (r*1)/((-12)/(-116)). Calculate the greatest common divisor of a and p.
29
Suppose 24*g = 5*g + 1530 - 10. What is the highest common divisor of 1060 and g?
20
Let h(g) = g - 3. Let r(f) = -f. Let c(t) = 2*h(t) + 10*r(t). Let s be c(-41). Calculate the greatest common divisor of 46 and s.
46
Let g(m) = -m**2 + 18*m. Let d be g(0). Suppose d = 53*n - 0*n - 3604. Calculate the highest common divisor of n and 4.
4
Let q = -4392 + 5291. Calculate the greatest common divisor of 29 and q.
29
Suppose -5*r - 1365 = -3*o, -18*r + 17*r + 3 = 0. Let b = 189 - 166. Calculate the highest common factor of o and b.
23
Let t(y) = 31*y - 348. Let p be t(24). Calculate the highest common divisor of 44 and p.
44
Let b(i) = 148*i + 334. Let u be b(-2). Calculate the highest common factor of u and 1197.
19
Let v(g) = -44*g - 770. Let s be v(-18). Suppose -44 = -o + 36. Suppose -s*y + 17*y = -o. What is the highest common divisor of y and 128?
16
Suppose -181*r + 177*r = -3*y - 216, 0 = 5*r + 5*y - 340. Calculate the greatest common factor of 12260 and r.
20
Let s = -502 + 406. Let q be (s/7)/(44/(-462)). Calculate the greatest common factor of 192 and q.
48
Let y(c) = 2*c**3 + 97*c**2 + 46*c - 91. Let v be y(-48). What is the highest common divisor of v and 185?
5
Let f(p) = 70*p**2 + 45*p + 46. Let d be f(-1). Calculate the greatest common divisor of d and 18673.
71
Let b be (-6)/(-18) - 106/(-6). Suppose -9*y + y = 3*y. Suppose 8 = -4*l, -4*m + b = -y*l - 5*l. Calculate the highest common factor of 4 and m.
2
Let f be 3*-1*(-8 + 4 - 3). Let v = 84 - f. Suppose 15*b - 18*b = -v. Calculate the greatest common divisor of 231 and b.
21
Suppose -y + 5*k = -395, 25*y - 30*y = k - 1923. Calculate the highest common factor of 105 and y.
35
Let h = 7253 - 5845. What is the highest common divisor of h and 128?
128
Let p(f) = -2891*f - 10496. Let b be p(-4). Calculate the greatest common divisor of b and 372.
12
Let s = -12 + 21. Let h(c) = 2*c**2 - 743*c - 3000. Let q be h(-4). Calculate the greatest common factor of q and s.
1
Let g(u) = 108*u + 1323. Let o be g(-12). What is the highest common factor of 2763 and o?
9
Suppose 4*z = 2*x - 12, -14 - 1 = -5*x + 5*z. Suppose x*m + 5*m = 450. Suppose 5*s = 127 - 37. What is the greatest common divisor of s and m?
18
Let g(q) = -35*q + 3376. Let c be g(74). Calculate the greatest common divisor of c and 15.
3
Suppose 2*d + 4*k - 46 = -k, -2*d = -4*k - 10. Suppose -d*y - 1020 = -18*y. Suppose -71 = -5*x - 11. What is the highest common factor of x and y?
12
Let a be (1659/9 + -3)*621/276. Calculate the highest common factor of 228 and a.
12
Let a = -33857 - -34697. What is the highest common factor of a and 120?
120
Suppose 47*x - 68655 = -152*x. What is the greatest common divisor of 1065 and x?
15
Let v = -3714 - -4109. What is the greatest common divisor of 79 and v?
79
Let b(h) = h**2 - 8*h + 82. Let r be 3905/142 + (1 - 3/2). Let c be b(r). Calculate the highest common factor of c and 35.
35
Let j(g) be the third derivative of -7*g**4/24 - 13*g**3/6 - 4*g**2. Let m = -30 + 26. Let l be j(m). What is the highest common divisor of l and 3?
3
Suppose -5*v - 114 = -6*v + 3*i, -5*v + 598 = -i. Suppose 5*u + 5*a - 90 = 0, -5*a = -8*u + 11*u - 50. What is the highest common divisor of u and v?
20
Let q(z) = -888*z - 3084. Let n be q(-25). What is the greatest common divisor of n and 162?
162
Let q be (0 + 1)/(-1) - (-55)/5. Let i = 69 - q. What is the greatest common divisor of i and 472?
59
Let p be ((-10)/(-60) - (-6)/(-4)) + 168224/24. What is the highest common factor of p and 96?
96
Let h be (-2418)/(-22) + 3480/3190. Calculate the greatest common factor of h and 36.
3
Suppose 0*s - s - 4 = 0, 0 = -5*k + 3*s + 12. Suppose 435 = 5*z - k. Let x(o) = 11*o**2 - o + 12. Let n be x(-2). What is the highest common divisor of z and n?
29
Suppose 12*n - 74767 = 9*n - 4*n. What is the highest common divisor of 11 and n?
11
Suppose 458*a - 462*a + 601 = 5*m, a = m + 157. Suppose l = -5*k + 33, -3*k - 1 = -4. What is the greatest common divisor of a and l?
14
Suppose 4*o + 5053 = 10149. Calculate the greatest common factor of o and 2156.
98
Let m(i) = -i**3 + 29*i**2 - 19*i - 42. Let u be m(28). Let x be (66/55)/(1/u). What is the highest common divisor of x and 28?
28
Suppose 5*r = -3*m + 488 + 92, -4*m = 0. Suppose -30*f + 333 + 179 - 152 = 0. Calculate the highest common factor of f and r.
4
Let x = 1 + 89. Let q = -79 + x. Let c = q + 44. Calculate the greatest common factor of c and 11.
11
Suppose -p + 5150 = -3628 - 1032. Calculate the greatest common divisor of 12 and p.
6
Let k be 2/(7/147*14). What is the highest common divisor of k and 411?
3
Let k(h) = 7*h + 131. Let s(n) = -n**3 + 2*n**2 - 11. Let t be s(2). Let i be k(t). Calculate the greatest common factor of i and 486.
54
Suppose -h - 1111 = -102*h. Let i(l) = -4*l - 4. Let u be i(-3). Suppose x + 5*o - 65 = u, 279 = 3*x - 5*o. Calculate the greatest common factor of x and h.
11
Suppose -4*v + 4212 = 5*i, i + 2945 = 3*v - 214. Calculate the highest common divisor of 663 and v.
39
Let q be -55 + 65 - (8 - 1). Suppose -q*o - 341 = -1529. What is the highest common factor of 9 and o?
9
Let g be -9 - ((-344 - -5) + -9). What is the greatest common factor of 1 and g?
1
Suppose -2*z + u - 3 = 0, u + 2 - 5 = 0. Suppose y = -2*p - 2*p + 84, z = y - 4*p - 124. What is the highest common divisor of 156 and y?
52
Suppose 0 = 29*l - 8*l + 7*l. Suppose l = -4*b, 986 = m + b + 154. What is the highest common divisor of m and 64?
64
Let q = 436 + -412. Suppose -q = -p + 197. Calculate the greatest common factor of p and 13.
13
Let c(i) = 16*i**2 + 3*i + 9. Let h be c(-3). Let t = -243 - -251. What is the high